igit of 2523?
3
What is the ten thousands digit of 825162?
2
What is the thousands digit of 557415?
7
What is the ten thousands digit of 21130507?
3
What is the hundred thousands digit of 2672755?
6
What is the thousands digit of 984256?
4
What is the hundreds digit of 86128?
1
What is the hundred thousands digit of 148160?
1
What is the thousands digit of 5157372?
7
What is the units digit of 2200281?
1
What is the hundreds digit of 678889?
8
What is the units digit of 3084885?
5
What is the units digit of 374704?
4
What is the units digit of 625370?
0
What is the thousands digit of 1645470?
5
What is the ten thousands digit of 9705186?
0
What is the hundred thousands digit of 3021912?
0
What is the hundred thousands digit of 261897?
2
What is the tens digit of 20181362?
6
What is the ten thousands digit of 4079562?
7
What is the thousands digit of 7434599?
4
What is the ten thousands digit of 3723109?
2
What is the tens digit of 540542?
4
What is the ten thousands digit of 932830?
3
What is the thousands digit of 234607?
4
What is the ten thousands digit of 172437?
7
What is the ten thousands digit of 663163?
6
What is the hundreds digit of 11492?
4
What is the hundred thousands digit of 910100?
9
What is the millions digit of 3109996?
3
What is the hundreds digit of 28609?
6
What is the hundred thousands digit of 1838077?
8
What is the hundred thousands digit of 216082?
2
What is the hundreds digit of 9188658?
6
What is the millions digit of 13477134?
3
What is the millions digit of 1355104?
1
What is the ten thousands digit of 272886?
7
What is the millions digit of 1668271?
1
What is the thousands digit of 5463042?
3
What is the thousands digit of 789361?
9
What is the hundreds digit of 2460052?
0
What is the thousands digit of 167380?
7
What is the units digit of 269967?
7
What is the ten thousands digit of 311595?
1
What is the ten thousands digit of 113702?
1
What is the ten thousands digit of 6379015?
7
What is the units digit of 136313?
3
What is the tens digit of 4578972?
7
What is the thousands digit of 902286?
2
What is the thousands digit of 4999337?
9
What is the hundred thousands digit of 227758?
2
What is the hundred thousands digit of 18018396?
0
What is the thousands digit of 371225?
1
What is the ten thousands digit of 643991?
4
What is the tens digit of 8613719?
1
What is the thousands digit of 59914?
9
What is the units digit of 4882111?
1
What is the ten thousands digit of 2195359?
9
What is the tens digit of 3187798?
9
What is the ten thousands digit of 3271903?
7
What is the ten thousands digit of 4268269?
6
What is the tens digit of 106140?
4
What is the tens digit of 514137?
3
What is the thousands digit of 384708?
4
What is the ten thousands digit of 224969?
2
What is the thousands digit of 217624?
7
What is the hundreds digit of 181038?
0
What is the ten millions digit of 27761448?
2
What is the hundreds digit of 60215?
2
What is the hundred thousands digit of 7906858?
9
What is the tens digit of 385968?
6
What is the ten thousands digit of 5985346?
8
What is the units digit of 1509713?
3
What is the hundred thousands digit of 225878?
2
What is the hundreds digit of 1845778?
7
What is the ten thousands digit of 6911189?
1
What is the thousands digit of 84297?
4
What is the thousands digit of 1314696?
4
What is the hundreds digit of 15841467?
4
What is the hundred thousands digit of 6951644?
9
What is the thousands digit of 74756?
4
What is the tens digit of 4815461?
6
What is the hundreds digit of 1611512?
5
What is the hundreds digit of 667085?
0
What is the hundred thousands digit of 152282?
1
What is the hundred thousands digit of 7023451?
0
What is the thousands digit of 102200?
2
What is the units digit of 125818?
8
What is the tens digit of 2692208?
0
What is the tens digit of 603944?
4
What is the units digit of 2446756?
6
What is the hundreds digit of 259207?
2
What is the millions digit of 4008137?
4
What is the hundred thousands digit of 235974?
2
What is the hundred thousands digit of 3212177?
2
What is the units digit of 53119?
9
What is the units digit of 1366384?
4
What is the units digit of 1125906?
6
What is the tens digit of 5482395?
9
What is the ten thousands digit of 144326?
4
What is the tens digit of 32317?
1
What is the ten millions digit of 20414557?
2
What is the tens digit of 946051?
5
What is the thousands digit of 1890286?
0
What is the hundred thousands digit of 860427?
8
What is the thousands digit of 582076?
2
What is the millions digit of 3590912?
3
What is the units digit of 3153621?
1
What is the hundreds digit of 64582?
5
What is the thousands digit of 28395?
8
What is the units digit of 2713650?
0
What is the ten thousands digit of 123309?
2
What is the millions digit of 2684548?
2
What is the ten thousands digit of 49500?
4
What is the thousands digit of 225703?
5
What is the tens digit of 227620?
2
What is the hundreds digit of 181223?
2
What is the units digit of 11227319?
9
What is the hundred thousands digit of 130669?
1
What is the ten thousands digit of 291530?
9
What is the hundreds digit of 1216489?
4
What is the ten thousands digit of 104062?
0
What is the ten millions digit of 10607267?
1
What is the units digit of 3927851?
1
What is the ten millions digit of 18832011?
1
What is the thousands digit of 6585325?
5
What is the tens digit of 976143?
4
What is the ten thousands digit of 130451?
3
What is the tens digit of 437695?
9
What is the tens digit of 576169?
6
What is the hundreds digit of 937908?
9
What is the hundreds digit of 18794311?
3
What is the thousands digit of 198775?
8
What is the hundred thousands digit of 5071930?
0
What is the thousands digit of 2124983?
4
What is the thousands digit of 173751?
3
What is the ten thousands digit of 693673?
9
What is the units digit of 153811?
1
What is the ten thousands digit of 8341286?
4
What is the hundreds digit of 84406?
4
What is the ten thousands digit of 3795930?
9
What is the thousands digit of 10161?
0
What is the ten thousands digit of 284947?
8
What is the ten thousands digit of 202449?
0
What is the units digit of 27321120?
0
What is the hundreds digit of 1607754?
7
What is the millions digit of 3515530?
3
What is the ten thousands digit of 4035233?
3
What is the millions digit of 7028412?
7
What is the hundreds digit of 500558?
5
What is the tens digit of 4369061?
6
What is the ten thousands digit of 900211?
0
What is the ten thousands digit of 543054?
4
What is the units digit of 399409?
9
What is the ten thousands digit of 218141?
1
What is the hundreds digit of 862389?
3
What is the tens digit of 579267?
6
What is the thousands digit of 1122998?
2
What is the thousands digit of 1574549?
4
What is the millions digit of 4321893?
4
What is the ten thousands digit of 1829540?
2
What is the hundreds digit of 520556?
5
What is the thousands digit of 9219394?
9
What is the units digit of 94571?
1
What is the ten thousands digit of 22202426?
0
What is the hundreds digit of 71603?
6
What is the units digit of 1246031?
1
What is the ten thousands digit of 1109562?
0
What is the tens digit of 176860?
6
What is the units digit of 279769?
9
What is the tens digit of 2876672?
7
What is the hundreds digit of 510401?
4
What is the millions digit of 2741671?
2
What is the hundred thousands digit of 915092?
9
What is the ten thousands digit of 392013?
9
What is the units digit of 4141939?
9
What is the hundred thousands digit of 26369337?
3
What is the hundred thousands digit of 24836816?
8
What is the units digit of 68434?
4
What is the units digit of 18922009?
9
What is the hundred thousands digit of 427008?
4
What is the ten thousands digit of 5276447?
7
What is the tens digit of 10883884?
8
What is the hundreds digit of 6288479?
4
What is the thousands digit of 5173859?
3
What is the ten thousands digit of 1906579?
0
What is the thousands digit of 4233680?
3
What is the ten thousands digit of 72499?
7
What is the millions digit of 11084963?
1
What is the tens digit of 5101879?
7
What is the thousands digit of 559302?
9
What is the thousands digit of 2749179?
9
What is the thousands digit of 803368?
3
What is the hundreds digit of 3328600?
6
What is the tens digit of 213877?
7
What is the millions digit of 128459